c7
Convert 18c0 (base 15) to base 16.
14eb
What is -1052 (base 9) in base 11?
-646
-71 (base 15) to base 9
-127
2201210 (base 3) to base 8
3710
Convert -48c (base 13) to base 10.
-792
-13b2 (base 12) to base 5
-33134
20d6 (base 15) to base 14
2767
Convert -123 (base 4) to base 9.
-30
Convert -31205 (base 9) to base 7.
-113666
-1110001111 (base 2) to base 9
-1222
Convert -a48 (base 15) to base 13.
-1094
Convert -112420 (base 5) to base 11.
-30a7
-903 (base 14) to base 7
-5103
Convert 32 (base 14) to base 7.
62
What is 39 (base 14) in base 11?
47
Convert 236c (base 13) to base 6.
35035
Convert 20265 (base 7) to base 14.
1b35
-67241 (base 8) to base 14
-a46d
Convert -13c6 (base 14) to base 8.
-6662
What is -3e8 (base 16) in base 11?
-82a
Convert 7993 (base 10) to base 7.
32206
What is 3324 (base 5) in base 15?
20e
What is -22376 (base 11) in base 5?
-2014030
Convert 35a1 (base 12) to base 11.
4588
What is 28 (base 14) in base 9?
40
-338 (base 16) to base 5
-11244
What is 314314 (base 5) in base 8?
24530
What is -632 (base 7) in base 2?
-100111101
1aa4a (base 11) to base 16
721f
Convert -569 (base 14) to base 5.
-13243
Convert -138 (base 10) to base 4.
-2022
What is 10002 (base 6) in base 3?
1210002
14 (base 10) to base 2
1110
-10102 (base 6) to base 4
-110312
Convert 442 (base 6) to base 16.
aa
What is 150303 (base 6) in base 10?
14367
-101046 (base 7) to base 15
-5159
What is -23012 (base 5) in base 15?
-73c
Convert -134230 (base 6) to base 14.
-4854
What is -10545 (base 6) in base 12?
-a55
1854 (base 10) to base 11
1436
Convert 14322 (base 10) to base 13.
6699
Convert -30a (base 13) to base 2.
-1000000101
What is 240 (base 10) in base 15?
110
Convert 3401 (base 12) to base 7.
22540
What is 40132 (base 5) in base 2?
100111101110
3012 (base 7) to base 2
10000001110
Convert -2253 (base 10) to base 3.
-10002110
Convert a1 (base 11) to base 12.
93
641 (base 11) to base 9
1046
Convert -103313 (base 6) to base 9.
-12640
What is 204144 (base 5) in base 8?
15217
What is 14b6 (base 13) in base 11?
22a8
Convert -5aa0 (base 14) to base 11.
-10982
Convert 11a88 (base 13) to base 12.
16a14
Convert -2770 (base 13) to base 15.
-1a2d
Convert -100011101111111 (base 2) to base 8.
-43577
278 (base 10) to base 8
426
-1a952 (base 13) to base 6
-1041143
Convert 51323 (base 11) to base 5.
4344144
1120 (base 6) to base 9
323
What is -210314 (base 5) in base 15?
-20de
Convert 611 (base 10) to base 6.
2455
What is 427 (base 14) in base 5?
11234
4820 (base 9) to base 2
110111111110
What is 11311011 (base 4) in base 2?
101110101000101
Convert -393 (base 10) to base 14.
-201
What is 12200120 (base 4) in base 3?
1100112222
Convert 3596 (base 14) to base 8.
22200
-1255 (base 12) to base 16
-821
-10a (base 14) to base 10
-206
Convert 65233 (base 8) to base 15.
8146
Convert -1479 (base 11) to base 3.
-2121102
12da (base 15) to base 10
4030
1a2 (base 12) to base 5
2031
Convert -5ee0 (base 15) to base 4.
-10330023
Convert -10a (base 14) to base 3.
-21122
Convert 1220441 (base 6) to base 13.
23758
What is 10c (base 13) in base 7?
346
-25143 (base 6) to base 4
-322113
Convert -550 (base 8) to base 3.
-111100
What is -470 (base 12) in base 14?
-352
Convert -2575 (base 8) to base 15.
-63a
Convert -113003 (base 4) to base 11.
-1121
-2543 (base 6) to base 8
-1177
What is d31 (base 15) in base 4?
232123
11120211 (base 3) to base 6
23251
Convert -350 (base 14) to base 4.
-22102
What is -15a (base 11) in base 12?
-136
What is 2546 (base 7) in base 11?
7a8
Convert -1b9 (base 13) to base 8.
-501
Convert 1015 (base 11) to base 14.
6c3
What is 370 (base 12) in base 15?
246
What is 112040 (base 5) in base 16?
fb4
Convert 786 (base 12) to base 10.
1110
-1352 (base 8) to base 7
-2114
What is -3b8b (base 15) in base 10?
-12731
What is 706 (base 10) in base 13?
424
-7627 (base 10) to base 4
-1313023
What is -1114033 (base 6) in base 5?
-3302423
What is -714 (base 8) in base 10?
-460
-248 (base 16) to base 2
-1001001000
Convert 8993 (base 15) to base 2.
111000111101011
What is -106200 (base 7) in base 11?
-1327a
-64474 (base 8) to base 2
-110100100111100
What is -1100110 (base 3) in base 14?
-504
5325 (base 8) to base 11
20a1
Convert c108 (base 14) to base 12.
17210
What is -10021003 (base 4) in base 7?
-100312
-38084 (base 10) to base 9
-57215
What is -d1d (base 14) in base 11?
-1a31
What is 144345 (base 6) in base 15?
420b
Convert 1911 (base 15) to base 16.
1528
1022020212 (base 3) to base 6
314552
What is 9c23 (base 15) in base 12?
171b0
What is -3b4 (base 12) in base 14?
-2c8
What is 2002 (base 5) in base 14?
140
What is -504 (base 7) in base 8?
-371
What is -53c (base 14) in base 3?
-1102022
15332 (base 6) to base 15
b1e
2e8 (base 16) to base 15
349
Convert 998 (base 13) to base 4.
121232
-333313 (base 4) to base 3
-12121101
Convert -7708 (base 12) to base 8.
-31470
What is 412 (base 10) in base 3?
120021
42 (base 5) to base 12
1a
-141043 (base 6) to base 8
-31623
198 (base 13) to base 14
170
Convert 477 (base 9) to base 11.
329
Convert 120122 (base 4) to base 7.
4361
What is 10111102000 (base 3) in base 9?
114360
Convert 121121212 (base 3) to base 16.
2f57
2022112220 (base 3) to base 13
179a9
-623 (base 10) to base 5
-4443
-591 (base 14) to base 5
-13412
What is -b24 (base 13) in base 2?
-11101100001
-3632 (base 7) to base 14
-6c2
Convert -4531 (base 12) to base 13.
-364c
Convert -3161 (base 8) to base 13.
-99b
Convert -20220 (base 6) to base 4.
-221310
7b40 (base 12) to base 15
4103
What is -10335 (base 8) in base 12?
-25b9
-2130 (base 7) to base 15
-356
3057 (base 9) to base 10
2239
What is -797a (base 11) in base 16?
-28fd
-9 (base 13) to base 2
-1001
10053 (base 8) to base 5
113024
-e9d3 (base 16) to base 2
-1110100111010011
What is 5387 (base 16) in base 13?
996b
What is 15133 (base 7) in base 14?
1753
-599 (base 16) to base 8
-2631
Convert -38348 (base 9) to base 8.
-62312
Convert 303425 (base 6) to base 2.
101111001001001
What is -51c0 (base 13) in base 7?
-44655
Convert -3278 (base 11) to base 3.
-12221000
-993 (base 14) to base 8
-3545
Convert 44972 (base 10) to base 14.
12564
Convert 14305 (base 6) to base 7.
6425
What is b902 (base 16) in base 11?
32647
What is 111110011 (base 2) in base 15?
234
What is 51242 (base 6) in base 8?
15212
8425 (base 10) to base 2
10000011101001
What is -542005 (base 6) in base 4?
-22313111
What is -e3 (base 15) in base 16?
-d5
Convert -22113 (base 4) to base 11.
-553
Convert -22004 (base 7) to base 6.
-41232
Convert 407 (base 9) to base 12.
237
Convert 206 (base 10) to base 15.
db
What is -1851 (base 12) in base 10?
-2941
What is 2914 (base 10) in base 2?
101101100010
-60416 (base 9) to base 4
-21230121
What is 285 (base 14) in base 12?
365
What is 969 (base 10) in base 12?
689
Convert 4323004 (base 5) to base 2.
10001111100100000
What is 10002221 (base 3) in base 7?
6415
What is 4014 (base 5) in base 4?
13331
Convert -10423 (base 5) to base 8.
-1342
Convert -15003 (base 6) to base 16.
-94b
What is 1211111 (base 4) in base 5?
201420
What is 1143 (base 11) in base 14?
791
Convert 9e92 (base 15) to base 10.
33662
76b8 (base 12) to base 9
18865
Convert -11000011 (base 2) to base 15.
-d0
Convert -11760 (base 15) to base 7.
-321201
Convert 11100 (base 2) to base 7.
40
Convert -1173 (base 9) to base 14.
-468
Convert 1001100000 (base 2) to base 14.
316
What is 323210 (base 4) in base 2?
111011100100
What is 23134 (base 5) in base 8?
3205
What is -4cb (base 15) in base 5?
-13331
67 (base 8) to base 6
131
65488 (base 9) to base 7
240401
What is 34 (base 5) in base 7?
25
Convert 3307 (base 9) to base 15.
ac7
Convert -16623 (base 7) to base 10.
-4770
What is -112002 (base 4) in base 11?
-1072
What is -16b0 (base 14) in base 3?
-12120220
Convert -10020220 (base 3) to base 6.
-14553
-8252 (base 10) to base 13
-39aa
994 (base 11) to base 12
834
-2000121101 (base 3) to base 16
-9b80
What is 0 (base 6) in base 5?
0
-5a49 (base 15) to base 14
-6dd0
Convert -4222 (base 5) to base 11.
-471
1141221 (base 5) to base 13
99ac
What is be4 (base 16) in base 6?
22032
Convert -3092 (base 11) to base 4.
-333332
-2012 (base 6) to base 12
-308
Convert -11102311 (base 4) to base 16.
-54b5
What is -14a (base 16) in base 3?
-110020
What is 2a (base 14) in base 6?
102
Convert 5696